he highest common divisor of n and y.
22
Let j be (-2 - -35) + -1 - -1. Let o(g) = g**3 - 10*g**2 - 27*g + 45. Let y be o(12). Calculate the greatest common factor of j and y.
3
Suppose -3*a + 5*g + 1755 = 0, 0 = 2*a + 7*g - 2*g - 1145. Let q = a + -555. What is the greatest common factor of 1 and q?
1
Let w be 179/3 + 86/(-48) + (-48)/(-384). What is the greatest common factor of 6844 and w?
58
Let x = 277 + -511. Let h = x - -247. What is the highest common divisor of h and 377?
13
Let r(v) = -9*v + 94. Let c(j) = 19*j - 188. Let s(n) = 3*c(n) + 7*r(n). Let i be s(15). Calculate the greatest common divisor of i and 64.
4
Let j be (-3)/(-27) + 14/36 + (-18)/(-4). What is the highest common factor of j and 3945?
5
Let d = 15 + 1. Let c = 61 + -44. Suppose -2*a + c - 13 = 0. Calculate the greatest common divisor of d and a.
2
Let c = 5039 + -4329. Calculate the highest common divisor of 190 and c.
10
Suppose 5*k - 390 = 22*l - 27*l, 2*k - 390 = -5*l. Calculate the greatest common factor of 132 and l.
6
Let c = 18580 - 18464. Suppose 4*q - 3*a + 37 = -125, 5*a = -3*q - 107. Let r = q + 68. What is the highest common divisor of c and r?
29
Let t = -509 + -20. Let f = -523 - t. Calculate the greatest common divisor of 102 and f.
6
Let y be (1 - (1 + -133))*(-20)/(-20). What is the greatest common factor of 28 and y?
7
Let c = 30885 - 25438. What is the greatest common divisor of 78 and c?
13
Let b = -864 - -1282. Let k = 432 - b. Calculate the highest common factor of 14 and k.
14
Let o(a) = -2*a**2 - a + 1. Let f(b) = -b**2 + 11*b + 33. Let v(j) = -2*f(j) - 2*o(j). Let x be v(-4). What is the highest common divisor of x and 20?
4
Let o = 36198 - 36036. What is the greatest common factor of o and 3222?
18
Let z(m) = 20*m**3 + 3*m**2 + 9*m - 6. Let h be z(4). Let d = -908 + h. Calculate the highest common factor of 50 and d.
50
Suppose -67 - 23 = -5*h. Let i = -13325 + 13339. Calculate the greatest common factor of h and i.
2
Let f be 3 - (7 + -1)*(-49)/14. Let t = -193 - -213. What is the highest common divisor of t and f?
4
Let x(q) = 2*q - 24. Let p be x(12). Suppose 3*n = 4*i - i, i - 3*n + 2 = p. Let k be (21 - 19)/(i/(30/4)). What is the greatest common divisor of 135 and k?
15
Suppose 5*w - 2*c = 356, -37*w + 33*w - 3*c + 294 = 0. What is the highest common factor of 66 and w?
6
Suppose 3*o - 103*o + 2081 + 6719 = 0. What is the highest common divisor of 18370 and o?
22
Suppose -3*o - 106 = 2*c + 430, -4*o - 712 = 2*c. Let b be (o/(-33))/(4*(-1)/(-6)). Calculate the greatest common divisor of 216 and b.
8
Suppose -3*r = 4*q + 7 + 24, -2*q + 7 = -3*r. Let s be -1 - 34*(7 + r). Let d = -68 - s. What is the greatest common divisor of d and 11?
1
Let t(u) = -10 + 14*u + 17*u - 32*u + 11*u. Let c be t(12). Let o be (-3)/((-6)/20) - -1. Calculate the highest common divisor of c and o.
11
Suppose 541*j - 954785 = 512407. Calculate the highest common divisor of j and 360.
24
Let x(y) = y**3 - 4*y**2 + y + 8. Let z be 16/32*(0 + 1*8). Let l be x(z). Suppose -c - 1 = -l. What is the greatest common divisor of 88 and c?
11
Suppose -312 = -m - m. Suppose -660 = -26*k - 41*k + 12*k. Calculate the greatest common factor of k and m.
12
Let w be ((-28)/2)/(128/(-13888)). What is the highest common factor of 403 and w?
31
Let t(v) = 3*v**3 - 7*v**2 + 4*v + 12. Let d be t(6). Let g = -372 + 404. What is the greatest common factor of d and g?
16
Suppose -2*t + 6 = -10. Suppose t*p - 118 = 82. Calculate the highest common divisor of 75 and p.
25
Let r = -40 + 22. Let h be (r/(-27))/(4/378). Suppose 0 = 2*k - z - h - 9, -148 = -4*k + 4*z. Calculate the greatest common factor of k and 7.
7
Let i be -2 + 3 + (53 - 61) - (-148 - 3). What is the highest common factor of 10896 and i?
48
Let a(y) = 7721*y**2 + 8*y + 9. Let x be a(-1). Calculate the highest common divisor of x and 39.
39
Let a(z) = -59*z - 1. Let l be (-2)/(-9) + 2/(-9) - 2. Let n be a(l). Let p = n - 76. Calculate the greatest common factor of 82 and p.
41
Suppose 28*n = 24*n - 12*n + 9936. What is the greatest common divisor of 276 and n?
69
Let t(h) = 7*h**2 + 11*h + 13. Let q be t(-2). Suppose -5*m - r + 50 = 0, -q*r = -17*r + 10. Calculate the highest common divisor of 187 and m.
11
Suppose 0 = -4*k + 593 + 107. Suppose -k*d + 81 = -166*d. Calculate the greatest common divisor of 33 and d.
3
Suppose 486 = 4*y + 2*r, 3*y + 4*r - 622 = -245. Let l(h) = -82*h + 199. Let f be l(0). Let x = -182 + f. Calculate the highest common divisor of x and y.
17
Suppose 9*x = 4*x - 25, 3*x + 204 = -3*j. Let f = j - -107. Suppose 70 = 2*o - 5*v, 2*o - f - 18 = v. What is the greatest common divisor of o and 150?
30
Let i(h) = 2*h**2 + 4*h - 46. Let q be i(-8). Calculate the greatest common divisor of 3050 and q.
50
Let w be ((-2700)/8)/((-9)/(-108)*-2). What is the greatest common divisor of w and 90?
45
Let z(l) = -27*l**2 + 30*l - 106. Let w be z(5). Let m = w - -681. Calculate the highest common factor of m and 120.
10
Let u = 38 - 36. Suppose 0*k = k - u*k. Suppose k = 14*a - 13*a - 28. Calculate the greatest common divisor of a and 28.
28
Suppose -750*x = -791*x + 139523. Calculate the highest common factor of x and 166.
83
Let h = 57 + -58. Let o be (8 + h)*(6 + 11). What is the highest common divisor of o and 34?
17
Suppose 3*a = 2*u - 2*a - 183, 0 = -3*u + 3*a + 279. Suppose 5*v - 1325 = k, -92*v - 530 = -u*v + 4*k. Calculate the greatest common factor of v and 106.
53
Let j be 8238/(-30) - 15/(-25). Let s = 334 + j. What is the highest common divisor of 132 and s?
12
Let f(p) = p**3 + 58*p**2 - 90*p - 1301. Let i be f(-59). Calculate the highest common factor of 2343 and i.
33
Let k be 16/(-168)*-7*675/18. What is the highest common divisor of k and 5?
5
Suppose 2949 = 28*q - 1531. Calculate the highest common factor of q and 280.
40
Suppose 2*v = v + 42. Let j be 2 + (-3)/(-3)*-12. Let o(s) = s**3 + 11*s**2 + 3*s - 7. Let d be o(j). What is the greatest common divisor of d and v?
21
Let q be -8 - -8 - (-6 - (2 + (-2 - -19))). Let w = -3 - -5. Suppose -w*y + 2*o = -o - 406, 4*o - 592 = -3*y. Calculate the greatest common divisor of q and y.
25
Let b(q) = 16*q + 209. Let r(l) = -11*l - 208. Let i(z) = -3*b(z) - 4*r(z). Let u be i(28). Calculate the highest common factor of 62 and u.
31
Suppose -1089 = -82*j + 1111 + 998. What is the greatest common factor of 1261 and j?
13
Let l = 379 + -109. Suppose 3*f - 3*a - 135 = 0, 0*a - l = -5*f - 4*a. What is the highest common divisor of f and 125?
25
Let r be 2/(5/20 + 15/100). Suppose r*s = -2*k + 21, 2*s - 8 = -3*k + 7. Let w be (-22)/(-10) + (-2)/10. What is the greatest common divisor of s and w?
1
Let f(t) = -63*t**3 - t**2 + 20*t + 32. Let x be f(-2). What is the greatest common factor of 12 and x?
12
Suppose -q = -4*j - 139, -145 = -2*q - 2*j + 153. What is the greatest common divisor of q and 56?
7
Let x(l) = -7*l + 12. Let n be x(2). Let u be 1572/72 + 3 + n/(-12). Calculate the greatest common factor of 525 and u.
25
Let o = -65 + 257. Suppose 220 = 4*t + o. What is the highest common divisor of 63 and t?
7
Let l = -9328 - -9348. Calculate the greatest common divisor of l and 1690.
10
Let f be ((-81)/36)/(2/8). Let t be (0 - 3/f*1)*3. Suppose 0 = 4*p - 3*p - 3. What is the greatest common factor of p and t?
1
Suppose 383031 + 148348 = 17*l + 115729. What is the highest common factor of l and 10?
10
Let t(x) = -306*x + 4828. Let o be t(6). Calculate the highest common factor of o and 66.
22
Let t(m) = -m**3 + 19*m**2 + 43*m - 15. Let k be t(21). Suppose -k = -j - 3. Suppose -j*d + 10*d - 112 = 0. Calculate the highest common divisor of 2 and d.
2
Let c = 81 - 75. Let w be (2/(-4))/((-3)/(396/c)). Suppose 4*i = 235 + 73. What is the greatest common divisor of w and i?
11
Let i(r) = -5*r + 0*r + 30 + 6*r. Let t be i(-7). Let w = 28 - t. What is the highest common factor of 5 and w?
5
Let o(n) = 2*n**2 + 639*n + 6892. Let r be o(-11). Calculate the greatest common factor of r and 3906.
21
Suppose -21*m + 293 = 20. Let b be (-51)/(-17)*(m - 0). Calculate the highest common factor of 117 and b.
39
Let c = 6181 - 6169. Calculate the highest common factor of c and 74.
2
Let d(y) = -23*y + 219. Let h be d(9). Calculate the greatest common divisor of h and 6